 is -31903 (base 10) in base 9?
-47677
-1110010110010011111000 (base 2) to base 3
-21002002200010
-231041320 (base 5) to base 13
-2a2815
Convert 1765300 (base 10) to base 11.
aa6329
-d0b54 (base 15) to base 8
-2412307
Convert bb8499 (base 15) to base 10.
8938044
3042335 (base 7) to base 13
c9548
Convert 211121211020 (base 3) to base 11.
28460a
-2b550b (base 12) to base 9
-1340362
What is 770584 (base 9) in base 14?
bd795
What is -296a1 (base 13) in base 11?
-536a6
14450067 (base 10) to base 2
110111000111110110010011
Convert -d9d11 (base 14) to base 13.
-15594b
What is 1210120221000 (base 3) in base 2?
11101001011111101010
Convert 4413420103 (base 5) to base 7.
143602651
Convert 13306 (base 8) to base 11.
4420
11100301131 (base 4) to base 12
566339
What is -1142600 (base 7) in base 12?
-6bb28
Convert 1c3426 (base 13) to base 6.
23243244
Convert 2161857 (base 9) to base 3.
2012001221221
-101010001001110101110 (base 2) to base 9
-2534701
What is 57217324 (base 8) in base 4?
233101323110
4169a2 (base 13) to base 2
101110101001011111000
41266631 (base 7) to base 6
202112435
-69a11 (base 16) to base 6
-13135013
What is 1541332 (base 6) in base 10?
91064
What is 47163 (base 9) in base 8?
75375
Convert -367078 (base 10) to base 14.
-97abc
What is 45801 (base 11) in base 13?
24185
Convert 43021310 (base 7) to base 9.
6776152
-310212002 (base 5) to base 6
-42540011
What is -1960b1 (base 13) in base 12?
-26b404
Convert -10142330 (base 7) to base 16.
-cfb78
What is -126611400 (base 7) in base 15?
-ac6043
-40969 (base 10) to base 2
-1010000000001001
What is 428dd (base 16) in base 5?
32210410
Convert 681039 (base 10) to base 3.
1021121012200
What is 15874582 (base 9) in base 16?
797d20
What is 5102313 (base 6) in base 10?
241605
What is 2a027 (base 15) in base 14?
372d7
What is -a587a (base 13) in base 11?
-193a23
Convert -107442 (base 8) to base 2.
-1000111100100010
-5016d0 (base 15) to base 3
-21011011002020
What is 2832237 (base 10) in base 4?
22303131231
-10642 (base 13) to base 5
-1422004
3114 (base 15) to base 11
7877
What is -13150 (base 14) in base 10?
-46914
Convert 1000110010010100111 (base 2) to base 9.
477841
What is 2220014 (base 10) in base 3?
11011210021202
What is -32021330 (base 5) in base 12?
-10a696
What is 4735c (base 14) in base 15?
36647
Convert -45002405 (base 6) to base 14.
-273421
-1020111121002 (base 3) to base 8
-2407772
-52170 (base 9) to base 8
-103147
-6375215 (base 8) to base 14
-324661
What is -2406136 (base 8) in base 7?
-5411621
What is 1012202122021 (base 3) in base 4?
2131130212
Convert -12233 (base 10) to base 9.
-17702
14a49a3 (base 11) to base 6
131020045
11a2c (base 14) to base 3
2012012112
-20641 (base 11) to base 7
-153422
Convert 73ce (base 15) to base 11.
17448
-83618 (base 10) to base 14
-2268a
-11111111110101101110100 (base 2) to base 7
-131154151
Convert -47b4088 (base 12) to base 3.
-222012020211212
-220482 (base 10) to base 7
-1605543
What is -336831 (base 9) in base 4?
-301102120
Convert a7b523 (base 12) to base 16.
287c2b
913211 (base 13) to base 6
200214525
What is 2210222102102 (base 3) in base 15?
1e8192
What is -15e12 (base 16) in base 12?
-43a42
Convert a9933 (base 11) to base 7.
1233025
What is 3404323401 (base 5) in base 6?
424353140
Convert -422032 (base 5) to base 3.
-201020011
What is 2556 (base 9) in base 11?
1490
Convert -21b65 (base 14) to base 7.
-460355
Convert -4000324041 (base 5) to base 15.
-a481b6
What is -1646354 (base 8) in base 12?
-1b0a64
Convert -1480a8 (base 11) to base 4.
-320033231
Convert 1258c (base 15) to base 9.
88376
Convert -76318 (base 10) to base 8.
-225036
-10005011 (base 6) to base 3
-112021111021
-293c7c (base 15) to base 5
-1002043232
Convert -653643 (base 7) to base 5.
-12123301
Convert -1634116 (base 9) to base 3.
-1201011010120
Convert 9861b (base 12) to base 7.
1465661
Convert 27cd62 (base 14) to base 9.
2533148
What is 13322000310 (base 4) in base 8?
7720064
Convert -572f6 (base 16) to base 12.
-1527b2
What is 59c87 (base 13) in base 4?
220031231
What is -10020121201 (base 3) in base 4?
-33212002
-132020113032 (base 4) to base 15
-a604b9
What is 780b75 (base 12) in base 14?
379ba9
5a2853 (base 14) to base 15
40caa9
Convert -23da7 (base 14) to base 10.
-87759
2b84a (base 13) to base 2
10100001100001111
321619 (base 11) to base 9
863700
-132211 (base 4) to base 10
-1957
What is 13233100323 (base 4) in base 9?
3731643
What is -5db8ed (base 15) in base 3?
-22110022210221
Convert 312355 (base 7) to base 2.
1101000110111111
-100110110000000001 (base 2) to base 12
-77a29
What is -3064610 (base 7) in base 6?
-11524242
Convert 21401204 (base 5) to base 10.
184554
What is -2859642 (base 11) in base 9?
-10224463
-3113032030 (base 4) to base 3
-1122210020221
What is -1571976 (base 10) in base 6?
-53405400
-20213344 (base 5) to base 13
-59607
What is 183173 (base 9) in base 12?
55a93
What is 214670 (base 13) in base 14?
1648c8
Convert -213021212 (base 4) to base 5.
-20112413
724854 (base 9) to base 6
13115034
What is -77520 (base 10) in base 16?
-12ed0
What is 4bb14 (base 12) in base 16?
19480
-6a03e (base 15) to base 8
-1223227
Convert -2100120122012 (base 3) to base 12.
-504258
Convert -34013266 (base 7) to base 14.
-56926d
12020210220 (base 3) to base 10
103380
Convert 200120111212 (base 3) to base 6.
11500335
Convert 8a3921 (base 11) to base 9.
2634174
What is -11d54 (base 14) in base 11?
-2a992
Convert 235f91 (base 16) to base 13.
632240
What is -6140324 (base 8) in base 7?
-16534346
261dce (base 15) to base 12
742542
811bab (base 13) to base 14
5825d4
1412b1b (base 14) to base 9
20264735
Convert 7bc57 (base 13) to base 8.
671622
What is 22014133 (base 5) in base 8?
560374
What is -38794 (base 12) in base 3?
-10220211111
10300011320 (base 5) to base 9
22521515
What is 15032543 (base 6) in base 5?
113031433
271742 (base 8) to base 15
1d31c
-112100300 (base 4) to base 16
-16430
Convert 4505636 (base 7) to base 14.
106c1d
2a41b28 (base 12) to base 11
4908195
Convert 301200012 (base 4) to base 11.
129376
26065 (base 12) to base 2
1100101011001101
10051040 (base 6) to base 4
1011333000
Convert -a9d05 (base 14) to base 8.
-1443421
Convert 1a3b81 (base 12) to base 2.
1110001000011010001
Convert 106325115 (base 7) to base 4.
120321223032
126215 (base 10) to base 2
11110110100000111
-54156 (base 8) to base 5
-1211023
Convert -648a8 (base 15) to base 7.
-2466431
Convert 1000111111100 (base 2) to base 16.
11fc
Convert -7822822 (base 9) to base 16.
-40346f
-c2d4c2 (base 15) to base 6
-530240215
-11061836 (base 9) to base 10
-5355186
What is 408111 (base 9) in base 3?
110022010101
Convert -1317660 (base 8) to base 2.
-1011001111110110000
What is 311020221 (base 4) in base 3?
102001112210
Convert -1331242 (base 6) to base 2.
-10010000111001010
Convert -27849 (base 14) to base 7.
-554522
20723570 (base 8) to base 9
8307006
2122571 (base 10) to base 9
3884552
What is -2735742 (base 8) in base 2?
-10111011101111100010
39a14 (base 14) to base 10
141922
Convert -17987 (base 11) to base 16.
-6236
548420 (base 12) to base 16
147858
Convert -1b953 (base 14) to base 6.
-1302033
Convert -17bc52 (base 16) to base 12.
-630242
Convert -110a6c4 (base 14) to base 5.
-4033034043
What is -217437 (base 11) in base 8?
-1244730
What is 3775463 (base 8) in base 12?
42612b
Convert -476641 (base 11) to base 15.
-edc83
2edce (base 15) to base 10
151619
What is 245874 (base 9) in base 15?
2e0d7
What is 15044500 (base 6) in base 4?
1332310110
What is 15b37 (base 14) in base 2?
1101010001000101
3cc208 (base 14) to base 16
202990
Convert 22112221100 (base 3) to base 10.
168354
-713b (base 12) to base 15
-3992
What is 3cec3 (base 15) in base 11?
124047
Convert 7da3c (base 15) to base 7.
3255543
What is -143022400 (base 5) in base 8?
-2673760
What is -1000101110011110111 (base 2) in base 9?
-475214
What is -617240 (base 9) in base 7?
-3053340
Convert 4204420 (base 8) to base 2.
100010000100100010000
-a4d14 (base 15) to base 6
-15111514
15476 (base 15) to base 7
403512
What is -17344 (base 13) in base 4?
-22313113
Convert 111010110110011001000110 (base 2) to base 11.
8787705
Convert -1b6c87a (base 13) to base 7.
-140302252
What is -11201220002010 (base 3) in base 10?
-2517294
400332102 (base 5) to base 14
2cd